ulate the remainder when 351436 is divided by 72.
4
Calculate the remainder when 106485 is divided by 39.
15
What is the remainder when 8027 is divided by 1113?
236
Calculate the remainder when 397 is divided by 77.
12
Calculate the remainder when 7054 is divided by 7013.
41
Calculate the remainder when 258159 is divided by 58.
1
What is the remainder when 87704 is divided by 16?
8
What is the remainder when 39535 is divided by 599?
1
What is the remainder when 18663 is divided by 1856?
103
What is the remainder when 1500538 is divided by 401?
397
Calculate the remainder when 34967 is divided by 7.
2
Calculate the remainder when 111518 is divided by 27879.
2
What is the remainder when 21551 is divided by 755?
411
Calculate the remainder when 10651 is divided by 1515.
46
What is the remainder when 4003 is divided by 14?
13
Calculate the remainder when 96618 is divided by 6899.
32
What is the remainder when 90804 is divided by 127?
126
Calculate the remainder when 3610 is divided by 124.
14
Calculate the remainder when 8468 is divided by 43.
40
What is the remainder when 10226 is divided by 7279?
2947
Calculate the remainder when 58614 is divided by 1831.
22
What is the remainder when 48807 is divided by 25?
7
What is the remainder when 91193 is divided by 15197?
11
What is the remainder when 6012 is divided by 22?
6
Calculate the remainder when 43251 is divided by 562.
539
Calculate the remainder when 7000 is divided by 48.
40
What is the remainder when 6565 is divided by 26?
13
Calculate the remainder when 16969 is divided by 278.
11
Calculate the remainder when 27007 is divided by 13502.
3
What is the remainder when 259600 is divided by 297?
22
Calculate the remainder when 13579 is divided by 54.
25
What is the remainder when 7367 is divided by 7310?
57
What is the remainder when 16607 is divided by 948?
491
Calculate the remainder when 216800 is divided by 7.
3
Calculate the remainder when 9688 is divided by 692.
0
Calculate the remainder when 8033 is divided by 53.
30
What is the remainder when 20271 is divided by 816?
687
Calculate the remainder when 11405 is divided by 76.
5
Calculate the remainder when 4904 is divided by 2449.
6
Calculate the remainder when 55435 is divided by 10.
5
Calculate the remainder when 1076 is divided by 336.
68
Calculate the remainder when 118445 is divided by 303.
275
Calculate the remainder when 106698 is divided by 100.
98
Calculate the remainder when 2016 is divided by 524.
444
What is the remainder when 48935 is divided by 755?
615
Calculate the remainder when 5781 is divided by 20.
1
Calculate the remainder when 19985 is divided by 101.
88
What is the remainder when 5314 is divided by 167?
137
Calculate the remainder when 39449 is divided by 62.
17
What is the remainder when 18057 is divided by 269?
34
Calculate the remainder when 17575 is divided by 60.
55
Calculate the remainder when 3917 is divided by 214.
65
What is the remainder when 1199 is divided by 48?
47
Calculate the remainder when 21942 is divided by 105.
102
Calculate the remainder when 720002 is divided by 31.
27
Calculate the remainder when 5663 is divided by 1194.
887
Calculate the remainder when 85 is divided by 5.
0
Calculate the remainder when 63508 is divided by 21169.
1
What is the remainder when 9439 is divided by 616?
199
What is the remainder when 124478 is divided by 247?
237
What is the remainder when 357629 is divided by 393?
392
Calculate the remainder when 15841 is divided by 1754.
55
Calculate the remainder when 49731 is divided by 473.
66
What is the remainder when 61463 is divided by 51?
8
Calculate the remainder when 2713 is divided by 415.
223
What is the remainder when 21422 is divided by 21381?
41
Calculate the remainder when 22384 is divided by 11180.
24
What is the remainder when 339778 is divided by 12?
10
What is the remainder when 29892 is divided by 93?
39
What is the remainder when 1337 is divided by 192?
185
Calculate the remainder when 7463 is divided by 236.
147
What is the remainder when 5171 is divided by 277?
185
Calculate the remainder when 89900 is divided by 79.
77
Calculate the remainder when 1722041 is divided by 15.
11
What is the remainder when 401 is divided by 139?
123
What is the remainder when 785142 is divided by 521?
516
What is the remainder when 52395 is divided by 3479?
210
What is the remainder when 69028 is divided by 69025?
3
Calculate the remainder when 3947 is divided by 88.
75
What is the remainder when 85981 is divided by 28610?
151
What is the remainder when 2048 is divided by 20?
8
Calculate the remainder when 486953 is divided by 234.
233
What is the remainder when 127855 is divided by 42593?
76
Calculate the remainder when 24256 is divided by 279.
262
What is the remainder when 158496 is divided by 634?
630
What is the remainder when 8223 is divided by 747?
6
What is the remainder when 1770 is divided by 1?
0
What is the remainder when 4232 is divided by 702?
20
Calculate the remainder when 2258 is divided by 107.
11
What is the remainder when 133769 is divided by 6?
5
What is the remainder when 1266 is divided by 357?
195
What is the remainder when 3365 is divided by 205?
85
What is the remainder when 38513 is divided by 56?
41
Calculate the remainder when 6131 is divided by 20.
11
What is the remainder when 70119 is divided by 92?
15
Calculate the remainder when 7793 is divided by 8.
1
What is the remainder when 223125 is divided by 58?
57
What is the remainder when 151440 is divided by 130?
120
What is the remainder when 6857 is divided by 980?
977
What is the remainder when 3701 is divided by 216?
29
What is the remainder when 1407413 is divided by 18?
11
What is the remainder when 51975 is divided by 8?
7
What is the remainder when 34957 is divided by 32?
13
Calculate the remainder when 1696 is divided by 114.
100
What is the remainder when 371910 is divided by 41?
40
What is the remainder when 7908 is divided by 1312?
36
What is the remainder when 11771 is divided by 118?
89
What is the remainder when 8014 is divided by 107?
96
Calculate the remainder when 38475 is divided by 39.
21
What is the remainder when 4753 is divided by 1579?
16
What is the remainder when 1841 is divided by 1116?
725
Calculate the remainder when 2917784 is divided by 241.
238
Calculate the remainder when 579638 is divided by 111.
107
What is the remainder when 1616 is divided by 29?
21
Calculate the remainder when 1907 is divided by 286.
191
What is the remainder when 62032 is divided by 569?
11
What is the remainder when 206889 is divided by 63?
60
Calculate the remainder when 73202 is divided by 8120.
122
Calculate the remainder when 18130 is divided by 585.
580
What is the remainder when 20431 is divided by 2918?
5
What is the remainder when 46430 is divided by 7708?
182
What is the remainder when 37178 is divided by 18588?
2
What is the remainder when 42084 is divided by 1681?
59
What is the remainder when 32528 is divided by 2709?
20
What is the remainder when 62907 is divided by 18?
15
What is the remainder when 25902 is divided by 328?
318
What is the remainder when 24480 is divided by 63?
36
What is the remainder when 148275 is divided by 440?
435
Calculate the remainder when 17357 is divided by 41.
14
Calculate the remainder when 1246 is divided by 136.
22
Calculate the remainder when 2711 is divided by 2374.
337
What is the remainder when 13113 is divided by 1872?
9
Calculate the remainder when 6882 is divided by 1485.
942
Calculate the remainder when 807 is divided by 778.
29
What is the remainder when 3413060 is divided by 46?
44
Calculate the remainder when 122826 is divided by 1616.
10
Calculate the remainder when 65683 is divided by 89.
1
What is the remainder when 4455 is divided by 1002?
447
What is the remainder when 171068 is divided by 130?
118
Calculate the remainder when 7768 is divided by 518.
516
What is the remainder when 10811893 is divided by 232?
229
Calculate the remainder when 188605 is divided by 3698.
7
What is the remainder when 1589 is divided by 526?
11
What is the remainder when 116836 is divided by 20?
16
Calculate the remainder when 1320 is divided by 574.
172
What is the remainder when 726827 is divided by 1626?
5
What is the remainder when 48154 is divided